8*o. Give w(0).
-12
Let j = -80 + 84. Let r be (-9 - 3 - -3) + j. Let u(v) = -1 + 0*v - v - 3. Calculate u(r).
1
Let n(g) = -g + 6. Let c(a) be the third derivative of 3*a**5/20 - a**4/12 + a**3/6 - 27*a**2. Let x be c(-2). Suppose 0 = -5*q + x - 26. Determine n(q).
3
Suppose 0*u - 4*u = -5*k, 3*k + u - 17 = 0. Let o(l) be the third derivative of -1/4*l**k + 0*l - 1/2*l**3 + 14*l**2 + 1/60*l**5 + 0. Determine o(5).
-8
Let d(y) = y - 8. Let s be d(16). Let j(w) = 4*w**2 - s + 3 + 5*w - 5*w**2. Let g = -4180 + 4185. What is j(g)?
-5
Let y(v) = -3*v**2 + 0*v**2 - 5*v + 2*v**2 - 1. Let p(x) = 2*x**2 - 64*x - 460. Let c be p(-6). Calculate y(c).
3
Let z = -8461 + 8444. Let t(k) = k**3 + 21*k**2 + 67*k - 2. What is t(z)?
15
Let p(h) = -h**3 - h**2 + h + 2. Let z(i) = 5*i**3 - 5*i - 8. Suppose -2*d + 8 = 3*c, 5*c - 16 = 4*d - 6*d. Let b(q) = c*p(q) + z(q). Calculate b(4).
-4
Let j(n) = -27*n**2 + 2*n - 110. Let w(v) = 5*v**2 - v + 22. Let a(y) = -3*j(y) - 16*w(y). Calculate a(-9).
-31
Let y(z) = z**2 - z + 1. Let n be -4 + (-20)/(-15)*42. Let k = n - 51. Let p(h) = 5*h**2 - h. Let o(w) = k*p(w) - 4*y(w). Determine o(-3).
-4
Let b(d) = d - 9. Suppose -3*u + 9 = -5*v, -2*u = -11*v + 8*v - 5. Let j be 43/(-6)*u + (-8)/6. Calculate b(j).
4
Let b = 10 - 2. Let z(o) = -b*o + 0 + 2 + 6*o + 8*o. Calculate z(-1).
-4
Let d(w) = -2*w**3 + 2*w**2 + 9*w + 4. Let c be d(-2). Let p(s) = 61 - 2*s**2 - 52 - c - 3*s. Determine p(-4).
-21
Let m(l) = 7*l - 9*l**3 - 6*l**2 + 8*l**3 + 2*l + 7. Suppose -4*j + 5*f + 0*f = -75, -5*j + 78 = -f. Let r be ((-35)/j)/((-4)/60*-5). Give m(r).
-7
Let w(f) = -3*f - 13. Let r(u) be the second derivative of u**3/6 + 2*u**2 - 205*u. Let d(h) = 7*r(h) + 2*w(h). Determine d(-3).
-1
Let h(o) = -2*o**3 + 36*o**2 - 73*o + 56. Let c(m) = 2*m**3 - 35*m**2 + 78*m - 57. Let x(r) = -6*c(r) - 7*h(r). Give x(20).
10
Let h(q) = q**2 - 16*q + 42. Let p = 453 + -441. Give h(p).
-6
Let a(o) be the first derivative of -8*o - 1/2*o**2 - 68. Calculate a(-13).
5
Suppose 3*m - m + 4 = 0. Let n = -2 - m. Let q(r) = 13*r - 12*r - 20*r**2 - 8 + 7*r**2 + 5*r**2 + 7*r**2 + 33. Give q(n).
25
Let a(c) = 7*c**2 - c + 7. Let o(s) = 8*s**2 - s + 8. Let j(t) = -6*a(t) + 5*o(t). Let b be 2*12*(-2)/16. What is j(b)?
-23
Let v(p) = p**2 - 4*p + 2. Let a = -69 + 72. Suppose -2*t + j + 13 = t, 2*t = -a*j + 27. Suppose -4*b = -14 - t. Determine v(b).
7
Let o(l) = -l**2 - 11*l - 2*l - 9 + 2*l. Let f(u) = -26*u - 946. Let a be f(-36). Determine o(a).
1
Let a(z) = -5*z**3 - 26*z**2 - 10*z + 5. Suppose 0 = -18*h + 226 - 316. What is a(h)?
30
Let q(j) be the first derivative of 4*j**2 + 2*j + 33. Suppose -5*r + 5*g = 5, -r + g - 5 = 4*r. What is q(r)?
-6
Let b = 97 - 94. Let m(z) = -8*z**3 + 7*z**2 - 2*z + 36. Let r(w) = 23*w**3 - 20*w**2 + 5*w - 102. Let g(j) = 17*m(j) + 6*r(j). What is g(b)?
33
Suppose -8*n + 44 = 14*n. Let o(t) = -118 + 0*t**3 + t**3 + 8*t**n + 124 - 12*t. Determine o(-9).
33
Let q be ((-30)/18)/((-6)/468). Let c = -126 + q. Let w(u) = -3*u. What is w(c)?
-12
Let h(y) = -13*y + 5. Suppose 15*r - 17*r - 8*r - 28*r = 0. Give h(r).
5
Let d(a) = 2*a - 6. Let l be (6/9 - 171/27)*-3. Suppose 0 = -l*n - 92 - 61. Calculate d(n).
-24
Suppose 5*a + 4*n + 21 = 0, -3*a + 0*n = n + 7. Let i(f) = -9*f**2 + 2*f + 1. Calculate i(a).
-10
Let o(s) = -s**3 + 5*s**2 + 1. Let n(q) = 36*q + 13. Let c be n(-5). Let a = -268 - c. Let b = a - -106. Calculate o(b).
1
Let y(a) = 7*a - 111. Let r be -3 + (12 - 3) + 20 + 3 + -14. What is y(r)?
-6
Let o(p) = 190*p**2 + 42*p - 30 - 59*p - 192*p**2. What is o(-7)?
-9
Let g(p) = p**3 - 50*p**2 + 48*p + 86. Let l be g(49). Let i(w) = -2*w**2 + 77*w - 109. Give i(l).
2
Let a(i) = -7*i**3 + 1. Let t(q) = -7*q - 14. Let s be t(-2). Suppose s*y - 12*y = -12. What is a(y)?
-6
Let u(i) = -2*i + 14410*i**3 - 14409*i**3 + 733*i**2 - 724*i**2 - 11. Suppose 5*l - 2*t + 47 = 0, l + 3*t - 2*t = -8. Give u(l).
7
Suppose 100 - 102 = z. Let n(r) = -r**3 - r**2 + 2*r + 2. Let f be n(z). Let w(j) = -527 - 4*j + j**3 - 4*j**f + 4*j + 530. What is w(4)?
3
Let n(r) = 9*r**2 - 24*r - 71. Let m be n(-6). Let p = 402 - m. Let y(b) = -b**2 + 5*b + 4. Give y(p).
4
Let k(x) = x + 1. Let s = -70 - -73. Suppose 0 = o - s*o + 4. Suppose 3*q - 2*q + 4 = -2*a, o*q = -a + 1. Calculate k(q).
3
Let c(p) = 5 + 7 + 0 - 5581*p + 2818*p + 2795*p. Give c(-2).
-52
Let i be 33/4 - 18/(-24). Let k be (-6)/(-4)*(-6)/i. Let c(n) be the first derivative of -11*n**2/2 + n + 1. Determine c(k).
12
Let t(k) = 1135798*k**2 - k + 1 - 5*k - 1135796*k**2. What is t(-4)?
57
Let q(u) = -55*u + 202. Let z(n) = 33*n - 124. Let y(b) = -7*q(b) - 12*z(b). Determine y(6).
8
Let k(z) = -z**2 + 6*z - 35. Let h(g) = g. Let u(o) = -6*h(o) - k(o). Let j be u(16). Let p = j + -93. Let n(f) = f - 7. Calculate n(p).
-1
Let s(x) be the second derivative of x**5/20 + 7*x**4/12 - 7*x**3/6 + 8*x**2 - 376*x + 4. Let j(q) = 3*q - 2. Let l be j(-2). Determine s(l).
8
Let v(f) = f**2 + 262*f + 527. Let t be v(-2). Let u(w) = 3*w**2 - 22*w - 9. Give u(t).
-16
Let x = -842 - -854. Let a(s) = 2*s**2 - 22*s - 26. Give a(x).
-2
Let f = -25 + 24. Let z be -6 - ((-1 - f) + 0). Let h(c) = c + 24. Let o(g) = -3. Let t(a) = h(a) + 5*o(a). Determine t(z).
3
Let m(n) = 2*n**2 - 28*n - 98 + 14*n - 44*n + 35. Give m(30).
-3
Let i be 5*1*12/10. Let p = 81 + -79. Let u(a) = -2 + 6*a + 93*a**p + 4 - 181*a**2 + 87*a**2. Calculate u(i).
2
Let j be 81 + -76 + (1 - -3). Suppose 4*x = 16, -j*o + 12*o = x - 16. Let r(z) = -4*z - 10. Calculate r(o).
6
Let p(r) = -3*r**2 - 50*r - 68. Let n(q) = -q**2 - 24*q - 32. Let j(x) = 5*n(x) - 2*p(x). Give j(21).
-3
Let s(m) = -m**3 + 10*m**2 + m - 7. Let j be s(10). Let p(u) = 140*u - u**2 - 150*u + j + 0. Determine p(-10).
3
Let b(a) = -5*a + 3. Suppose -8*h + 4*h = -60. Let d be 30/(0 + h/40). Suppose -21*m = -5*m + d. What is b(m)?
28
Suppose o = -4*i + 8, 3*o - 48 + 56 = 4*i. Let z(r) = 4*r**2 - r - 13. Calculate z(o).
-13
Let x(j) = -j**2 + 72*j - 331. Let y be x(5). Let p(l) = l**3 + 10*l**2 - 53*l - 5. Give p(y).
7
Let a(i) be the first derivative of 2*i**2 + 3*i - 12. Let m = -81 - -104. Suppose 4*f - 1 + 0 = -5*p, -p - m = -5*f. Give a(f).
19
Let p(t) = -5*t - 12. Suppose 5*d = 11*d + 12. Let b(s) = 18*s + 37. Let o(j) = d*b(j) - 7*p(j). Calculate o(5).
5
Let q(x) = -64*x + 464. Let t be q(7). Let b(p) = -p**2 + 21*p - 81. Give b(t).
-1
Let w(j) be the first derivative of -j**4/2 - j**3 - j**2/2 - 4*j - 2. Suppose -2*c - 6 = 5*y, -45*y + 42*y + 9 = -3*c. What is w(c)?
26
Let n = 79 + -63. Let b = 35 - n. Suppose -3*r - 5 = -3*g + b, 5*r + 16 = g. Let x(l) = l**2 - 7*l + 4. Give x(g).
-2
Let w(d) = 3*d + 2. Suppose 13 = 8*a - 147. Suppose -5*x + 15 = i - 2*x, -2*i + a = x. Give w(i).
29
Let g(u) = -u**2. Let o(j) = -j**2 - 15*j + 12. Let p(y) = -2*g(y) - o(y). Let c be p(-6). Let n(a) = 9*a - 14*a - 1 + c*a. Calculate n(-5).
-6
Let x(r) = -r**3 + 19*r**2 + 5*r - 99. Let p be x(19). Let g(d) = 4*d + 2. Let l(w) = 1. Let b(o) = g(o) + 3*l(o). Give b(p).
-11
Let x(v) = 33 + v**3 - v - 1405*v**2 - 138 - 1406*v**2 + 2820*v**2. What is x(-7)?
0
Let z = -15725 - -15727. Let s(o) be the first derivative of 2/3*o**3 + 1/4*o**4 + o - 3 - z*o**2. What is s(-3)?
4
Let o(w) = w**2 - 13*w + 8. Let y be o(12). Let a(q) be the first derivative of -22 + q - 2/3*q**3 - q**2. What is a(y)?
-23
Let z(j) = -j + 6. Suppose 2*o = -2*o - 220. Let m be (7 - 1404/204) + 1086/17. Let u = m + o. Calculate z(u).
-3
Suppose 0 = 12*h - 33*h + 11*h + 280. Let q(l) be the second derivative of 5*l**2 - l**3 + 0 - h*l - 1/12*l**4. Calculate q(-7).
3
Let c(n) = -43*n + 331. Let l(v) = 214*v - 1323. Let m(h) = -9*c(h) - 2*l(h). What is m(-8)?
-5
Let o be 2*((-5)/2 + 1). Let k(i) = -10*i + 12. Let m be k(1). Let s(j) = -2 - 133*j**2 - j**3 + 60*j**m + 71*j**2 - 5*j. Calculate s(o).
22
Let a(h) be the third derivative of -1/120*h**6 + 0*h - 1/6*h**3 - 1/24*h**4 - 1/30*h**5 + 0 - 24*h**2. Determine a(-2).
1
Let x(u) be the third derivative of u**8/2880 - u**6/720 - u**5/30 + u**3/6 + 3*u**2. Let t(y) be the third derivative of x(y). What is t(-1)?
6
Let a(z) be the second derivative of z**6/360 + 7*z**5/120 + 32*z**4/3 + 14*z - 3. Let d(n) be the third derivative of a(n). Give d(-6).
-5
Let d(x) = x**2 + 6*x + 7. Let y be d(-5)